 divided by n.
9
Let r(v) = v + 2. Suppose 4*a - 21 = 43. Suppose -2*y = 2*y - a. What is the remainder when r(4) is divided by y?
2
Suppose 3*g + 3*j = -6, 2*g - g - 5*j - 22 = 0. Let t = g + 5. Calculate the remainder when t is divided by 2.
1
Suppose -2*i + 7*i = -3*x + 33, i = 2*x - 22. What is the remainder when 152 is divided by x?
9
Let y(c) = -2*c**2 + 22*c + 6. Calculate the remainder when 35 is divided by y(11).
5
Suppose f + f = 24. Let z = f + -9. Calculate the remainder when 4 is divided by z.
1
Let o(y) = -6*y - 13. What is the remainder when 66 is divided by o(-5)?
15
Let f be 22/(-2)*(-3 - -2). Suppose 3 - f = -a. What is the remainder when 23 is divided by a?
7
Suppose n = 2*n. Suppose o = 4*z - 47, z - 11 + n = o. What is the remainder when 22 is divided by z?
10
Suppose -2 + 4 = -2*v. Calculate the remainder when (76/6)/((-6)/(-18)) is divided by (0 + v - 12)/(-1).
12
Let u = 80 + -7. Calculate the remainder when u is divided by (-1 + 2/3)/((-22)/990).
13
Suppose -6*u = -2*u - 8. Let d = 0 + u. Suppose -d*j = -0*j - 8. What is the remainder when j is divided by 3?
1
Let d = -11 - -113. What is the remainder when d is divided by 26?
24
Let i = -186 + 313. What is the remainder when i is divided by 13?
10
Suppose -5*x + 83 = -3*r, 3*x - 47 - 30 = -5*r. Let g(k) = -8*k - 4. Calculate the remainder when g(-5) is divided by x.
17
Suppose -15 = -2*m - m. Suppose 35 = m*l - 10. Let j = 14 + l. What is the remainder when j is divided by 12?
11
Suppose -3 + 1 = o. What is the remainder when 31 is divided by (-17)/o - 2/4?
7
What is the remainder when (8/12)/(2/123) is divided by 14?
13
Suppose -32 - 7 = -3*a. Calculate the remainder when 22 is divided by a.
9
Calculate the remainder when 68*49/28 + 1 + -4 is divided by 7.
4
Suppose 5*z = 2*z - 2*k, -3*z = -2*k - 12. Suppose -20 - 5 = 5*a, 0 = -5*i - z*a + 130. What is the remainder when 82 is divided by i?
26
Let r(i) = -2*i - 5. Let z = 1 - 3. Let g = 21 + z. Calculate the remainder when g is divided by r(-6).
5
Suppose -5*i - 4*v + 29 = -225, 5*v = 5. Let b = i - 32. What is the remainder when 53 is divided by b?
17
Let z = 93 - 46. Let h = 10 + -24. Let j = h + 30. Calculate the remainder when z is divided by j.
15
Suppose 0 = -7*x + 9*x - 128. Suppose -r - 2*q = -q - 30, 2*r - x = 2*q. Calculate the remainder when r is divided by 17.
14
Suppose 0 = -0*g + 2*g. Let b be (1 - 8/6)*-15. Suppose 43 = 3*i + b*a, -i + 4*a + 20 = -g*i. Calculate the remainder when 31 is divided by i.
15
What is the remainder when (-3 - -21)*4/6 is divided by 7?
5
Suppose -z = -0*z - 3. What is the remainder when 6 is divided by (-1 + z)*10/4?
1
Let k(a) = a + 14. What is the remainder when 19 is divided by k(-6)?
3
Let j(o) = o**3 - o**2 + 1. Let r(t) = 5*t**2. Let b be r(-1). Let w = b - 3. What is the remainder when j(2) is divided by w?
1
Let a = -92 - -99. Calculate the remainder when 8 is divided by a.
1
Let w be -1 - (5 - (-2 - -2)). Let x = 1 - w. Calculate the remainder when x is divided by 1/(4/(-6) + 1).
1
Let b(r) = 4*r**3 - 5*r**3 + 7*r**2 + 3*r - 1 - 2*r. Calculate the remainder when b(7) is divided by 2.
0
Suppose 0 = -3*n - 2*n + 1040. Suppose 4*q = -5*f + n, -3*f + 2*q + 116 = -0*q. Calculate the remainder when f is divided by 21.
19
Suppose 4*b = 4*l + 3*b - 310, -6 = 3*b. Suppose 4*k - 2*k - 2*o = 50, 0 = -3*k + 4*o + l. What is the remainder when k is divided by 12?
11
Let c = -7 - -18. Calculate the remainder when (-1 + 2)/((-4)/(-124)) is divided by c.
9
Let u be (-28)/(-8)*(-4)/(-7). Suppose u*y + 3 = 29. What is the remainder when (111/12)/(2/8) is divided by y?
11
Suppose 0 = -4*v - m + 69 - 17, -m = -3*v + 39. What is the remainder when 50 is divided by v?
11
Let k = -27 - -56. Let v = 49 - k. Suppose -5*p + 1 = -54. What is the remainder when v is divided by p?
9
Suppose 7*m - 58 = 271. Let d(q) = 4 + 0 - q + 0*q. Calculate the remainder when m is divided by d(-8).
11
Suppose 5 = -14*y + 15*y. Calculate the remainder when 22 is divided by y.
2
Let f be 2 + (1 + -1)/(-3). Suppose 4*i + v = 18, 2*i - 2*v = 3*v - f. What is the remainder when 14 is divided by i?
2
Let b(h) = 5*h**3 - h**2 - 3*h + 1. What is the remainder when b(2) is divided by 16?
15
Suppose -4*f - 17 = -9*f + 4*j, f = 5*j - 5. Suppose f*t - 1 = 9. What is the remainder when 2 is divided by t?
0
Suppose k - 3*g = 15, 6*k - 3*k = 3*g + 27. Suppose -33 = 5*t - 2*t. Let f = t - -21. What is the remainder when f is divided by k?
4
Let y be 1/(4 + (-51)/12). Calculate the remainder when 77 is divided by (7 + y)*(-52)/(-6).
25
Suppose 37 - 7 = 5*c. Let l = 25 - c. Let a(q) = 4*q**2 + 2*q - 1. Calculate the remainder when a(-4) is divided by l.
17
Let k(i) = i**3 - 7*i**2 + 2*i + 3. What is the remainder when ((-201)/12)/(1/(-4)) is divided by k(7)?
16
Let g be 1*4 + 2 + -4. Suppose -j - 4*l + 42 = 0, 4*l + l + 110 = g*j. What is the remainder when j is divided by 13?
11
Let w(u) = 4*u**2 + u + 1. Let f(r) = 3*r**2 - r. Let z be f(3). Suppose 0*s + z = 4*s. What is the remainder when s is divided by w(-1)?
2
Suppose -2*r - 3*q = -47, -5*q + 10 - 5 = 0. Calculate the remainder when 77 is divided by r.
11
Suppose -5*x + 103 = 13. Let m = x + -9. Calculate the remainder when 33 is divided by m.
6
Suppose -2*c = 5*v - 25, 3*v - 10 - 5 = -2*c. Calculate the remainder when 34 + -2 + c/5 is divided by 11.
10
Let p = 19 - -11. Let s be 0 - (-3)/(-3)*-2. What is the remainder when p is divided by 4/s*(4 + 4)?
14
Let b(r) = 3*r**2 - 2*r - 7. What is the remainder when b(-4) is divided by 13?
10
Suppose 3*p - p = -4*x + 14, x - 2*p = 6. Suppose -11 = n - 20. What is the remainder when n is divided by x?
1
Let w be 36*(-2 + (-1 - -4)). Suppose 4*g - 36 - w = 0. Let k = g - 10. Calculate the remainder when 23 is divided by k.
7
Suppose 4*g - 2*g - 292 = 0. Calculate the remainder when g is divided by 37.
35
Let i be (-1 - 0)/(2 - 3). What is the remainder when (-1 + -48)*(-1)/i is divided by 25?
24
Let u(q) = q - 2. Let r be u(5). Suppose 10 = 3*i - 2*c, -r*i + 2*c + 6 = -i. Suppose -21 - 9 = -5*z. Calculate the remainder when z is divided by i.
2
Calculate the remainder when 41 is divided by (2 - 1)/((-2)/(-22)).
8
Suppose -27 - 51 = -2*f. What is the remainder when f is divided by 14?
11
Suppose z = -z - 4*q + 22, 4*q + 56 = 4*z. Let i = -43 - -68. Calculate the remainder when i is divided by z.
12
Suppose 2*z = 5*z - 168. Suppose 2*h = 4*q - 46 - z, 0 = -2*q + 2*h + 50. What is the remainder when q is divided by 9?
8
Let k(m) = -m**3 + 4*m**2 - m + 2. Suppose 3*t + 3*w = 6, 4*w - 2 = 3*t - w. What is the remainder when (3/t - 5) + 25 is divided by k(2)?
7
Suppose -62 = -3*p - 4*b, 0 = -0*p + 5*p - b - 65. What is the remainder when 80 is divided by p?
10
Suppose 5*k - 89 = 2*k - 2*r, -2*k = -3*r - 55. What is the remainder when 57 is divided by k?
28
Let v be ((-1)/(-1) + 0)*0. Suppose 5*x = -v*x + 125. Calculate the remainder when x is divided by 7.
4
Let y(z) = -z**2 - z - 1. Let h(u) = -4*u**2 - 5*u - 6. Let p(g) = h(g) - 6*y(g). Calculate the remainder when p(-4) is divided by 10.
8
Suppose 36 = 3*s + 5*y, -5*s + 69 = 5*y - 1. Calculate the remainder when 49 is divided by s.
15
Suppose 4*v + 8 - 108 = 0. Calculate the remainder when v is divided by 9.
7
Let b(l) = -l**3 + l + 14. What is the remainder when 53 is divided by b(0)?
11
Suppose 0 = -g + 32 - 1. What is the remainder when g is divided by 16?
15
Let r(z) = -z**2 + 6*z + 16. Calculate the remainder when 17 is divided by r(7).
8
Let h = -8 - -19. What is the remainder when 30 is divided by h?
8
Calculate the remainder when 74/4 + 2/(-4) is divided by 2*(-3)/6 - -11.
8
Suppose -2*j - j + 66 = 0. Let p(l) = -l**3 + 6*l**2 - 4*l + 1. Let b be p(5). Calculate the remainder when j is divided by 70/b - 1/(-3).
10
Let k(w) = -w**2 + 8*w - 3. Let r be k(6). Let s(n) = 2*n - 7. Suppose 3*l = 5*p - 151, 140 = 4*p + 4*l - 0*l. What is the remainder when p is divided by s(r)?
10
Let u = 3 - 1. Suppose 4 = 3*k - u*k - d, -3*d = k. Calculate the remainder when 7 is divided by (-4)/2 + k + 3.
3
Calculate the remainder when -1 + (-1 - 3*-21) is divided by 16.
13
Let z = 72 + -28. Calculate the remainder when z is divided by 15.
14
Suppose -5*z = -2*z - 9. Suppose 0 = 9*d - 2 - 7